y 5248?
5221
Calculate the remainder when 238146 is divided by 238100.
46
What is the remainder when 99998400 is divided by 24999597?
12
What is the remainder when 8890218 is divided by 19?
4
What is the remainder when 1023320 is divided by 886?
876
Calculate the remainder when 210358 is divided by 2572.
2026
Calculate the remainder when 1201436 is divided by 370.
46
What is the remainder when 628645 is divided by 209535?
40
Calculate the remainder when 876968 is divided by 109587.
272
Calculate the remainder when 14962602 is divided by 87.
81
What is the remainder when 204470 is divided by 221?
45
What is the remainder when 51182366 is divided by 4585?
11
What is the remainder when 39605 is divided by 19760?
85
What is the remainder when 25509 is divided by 2562?
2451
Calculate the remainder when 6039834 is divided by 61.
41
Calculate the remainder when 2212472 is divided by 265.
252
Calculate the remainder when 17368412 is divided by 213.
179
Calculate the remainder when 1026248 is divided by 2207.
2200
Calculate the remainder when 2626293 is divided by 35.
33
Calculate the remainder when 13126988 is divided by 1595.
138
Calculate the remainder when 40947149 is divided by 20473520.
109
What is the remainder when 2698990 is divided by 12791?
89
What is the remainder when 25459 is divided by 1198?
301
What is the remainder when 3740481 is divided by 287?
10
Calculate the remainder when 57547 is divided by 57527.
20
What is the remainder when 14035994 is divided by 2807197?
9
Calculate the remainder when 1771585 is divided by 12134.
21
Calculate the remainder when 5044729 is divided by 1336.
1329
Calculate the remainder when 379907754 is divided by 323.
322
Calculate the remainder when 24779 is divided by 8241.
56
Calculate the remainder when 437657 is divided by 158.
155
Calculate the remainder when 2668920 is divided by 1334391.
138
What is the remainder when 5083824 is divided by 12459?
552
Calculate the remainder when 34598249 is divided by 141796.
25
What is the remainder when 6140 is divided by 646?
326
Calculate the remainder when 384100 is divided by 96024.
4
What is the remainder when 18783783 is divided by 10126?
53
What is the remainder when 40067 is divided by 18967?
2133
What is the remainder when 1767122 is divided by 627?
236
What is the remainder when 821950 is divided by 804?
262
What is the remainder when 25164314 is divided by 5692?
5674
What is the remainder when 1177 is divided by 40?
17
Calculate the remainder when 191862 is divided by 95830.
202
What is the remainder when 12222552 is divided by 20236?
8
What is the remainder when 21616 is divided by 80?
16
What is the remainder when 1600986 is divided by 127?
24
What is the remainder when 5277641 is divided by 1759212?
5
What is the remainder when 22795479 is divided by 67?
2
Calculate the remainder when 66970 is divided by 2790.
10
Calculate the remainder when 29932627 is divided by 481.
478
Calculate the remainder when 4301378 is divided by 219.
218
What is the remainder when 137387 is divided by 727?
711
What is the remainder when 803414 is divided by 23626?
130
What is the remainder when 536355 is divided by 233?
222
What is the remainder when 913313 is divided by 248?
177
Calculate the remainder when 15903 is divided by 1806.
1455
Calculate the remainder when 10652225 is divided by 3550741.
2
What is the remainder when 67655671 is divided by 4203?
4183
What is the remainder when 24116732 is divided by 8319?
8270
What is the remainder when 117862341 is divided by 2?
1
Calculate the remainder when 28191 is divided by 26558.
1633
Calculate the remainder when 22823 is divided by 1158.
821
What is the remainder when 6187357 is divided by 337?
37
Calculate the remainder when 68972 is divided by 617.
485
Calculate the remainder when 1124788 is divided by 6895.
903
Calculate the remainder when 5070530 is divided by 17.
8
Calculate the remainder when 3056157 is divided by 381866.
1229
Calculate the remainder when 380567 is divided by 379965.
602
What is the remainder when 16066 is divided by 2279?
113
Calculate the remainder when 30430 is divided by 2189.
1973
What is the remainder when 7775030 is divided by 233?
53
Calculate the remainder when 527835 is divided by 5288.
4323
Calculate the remainder when 18610185 is divided by 133886.
31
Calculate the remainder when 307153 is divided by 1219.
1184
What is the remainder when 911975 is divided by 6514?
15
What is the remainder when 5139044 is divided by 382?
380
Calculate the remainder when 881934 is divided by 26.
14
What is the remainder when 68927 is divided by 22213?
2288
What is the remainder when 79843552 is divided by 58?
56
Calculate the remainder when 3134542 is divided by 151.
84
What is the remainder when 5614088 is divided by 29862?
32
What is the remainder when 134087 is divided by 133818?
269
Calculate the remainder when 18654852 is divided by 2503.
2496
Calculate the remainder when 41689438 is divided by 96.
94
What is the remainder when 24601 is divided by 4900?
101
What is the remainder when 409051 is divided by 50779?
2819
What is the remainder when 4200045 is divided by 5392?
5069
Calculate the remainder when 457888 is divided by 457879.
9
What is the remainder when 6604267 is divided by 1640?
1627
What is the remainder when 1955435 is divided by 20369?
11
What is the remainder when 120881 is divided by 39669?
1874
Calculate the remainder when 766848 is divided by 763447.
3401
What is the remainder when 65199075 is divided by 124?
123
What is the remainder when 35063 is divided by 31919?
3144
What is the remainder when 1688207 is divided by 413?
276
What is the remainder when 105120088 is divided by 35040023?
19
What is the remainder when 21761831 is divided by 267?
263
What is the remainder when 128448 is divided by 387?
351
What is the remainder when 10837372 is divided by 5418650?
72
What is the remainder when 1524244 is divided by 1204?
1184
Calculate the remainder when 6927553 is divided by 54980.
73
Calculate the remainder when 5697126 is divided by 3.
0
Calculate the remainder when 6196963 is divided by 7539.
7444
Calculate the remainder when 6829893 is divided by 276.
273
Calculate the remainder when 1245481 is divided by 1244835.
646
Calculate the remainder when 807989 is divided by 15236.
481
What is the remainder when 3279674 is divided by 909?
2
What is the remainder when 4616517 is divided by 606?
9
Calculate the remainder when 3909430 is divided by 148.
10
What is the remainder when 3445340 is divided by 1727?
1702
What is the remainder when 790325 is divided by 2652?
29
Calculate the remainder when 22680359 is divided by 77.
9
What is the remainder when 251841 is divided by 82701?
3738
Calculate the remainder when 2387579 is divided by 1685.
1619
Calculate the remainder when 196246 is divided by 24109.
3374
Calculate the remainder when 174609 is divided by 4849.
45
What is the remainder when 1712721 is divided by 4965?
4761
Calculate the remainder when 1486347 is divided by 1486345.
2
What is the remainder when 2988421 is divided by 199227?
16
Calculate the remainder when 23468846 is divided by 2019.
2009
What is the remainder when 109793 is divided by 4512?
1505
What is the remainder when 78217034 is divided by 18?
14
Calculate the remainder when 2620819 is divided by 878.
867
Calculate the remainder when 58651 is divided by 8375.
26
What is the remainder when 35584 is divided by 8398?
1992
Calculate the remainder when 5465405 is divided by 692.
681
What is the remainder when 9350808 is divided by 247?
129
What is the remainder when 181045 is divided by 328?
317
Calculate the remainder when 357952 is divided by 1114.
358
Calculate the remainder when 4713196 is divided by 309.
19
What is the remainder when 9712090 is divided by 32811?
34
Calculate the remainder when 6450608 is divided by 13.
8
Calculate the remainder when 11198 is divided by 943.
825
What is the remainder when 7912176 is divided by 37?
22
What is the remainder when 3260141 is divided by 5853?
20
Calculate the remainder when 431832307 is divided by 36.
31
Calculate the remainder when 9636817 is divided by 1618.
9
What is the remainder when 18969 is divided by 2801?
2163
What is the remainder when 479154 is divided by 1877?
